250223 (base 6) in base 12?
4b6973
Convert 110100011011000101010111 (base 2) to base 5.
12004224143
What is -249b1 (base 14) in base 8?
-257177
-3331522 (base 6) to base 4
-220322222
Convert 40955 (base 12) to base 3.
11021122102
What is -146013415 (base 7) in base 12?
-33310a1
What is 345c1 (base 13) in base 15?
1d44d
What is 3abd35 (base 15) in base 10?
2824475
-4334515 (base 6) to base 2
-110100011101101111
Convert -1431021 (base 6) to base 14.
-21ba5
What is c04d51 (base 15) in base 13?
1b7829b
Convert 136121 (base 10) to base 5.
13323441
What is -488c90 (base 13) in base 3?
-10021001202022
What is -3476068 (base 10) in base 3?
-20112121021021
Convert -11100001111101001 (base 2) to base 16.
-1c3e9
Convert -11300002310 (base 4) to base 14.
-2b3552
24173 (base 12) to base 3
2110200120
What is -3300302231 (base 4) in base 9?
-1762832
What is -33430320 (base 5) in base 15?
-5c940
What is 8470455 (base 9) in base 2?
10001010010111100001001
What is -1b04ca (base 14) in base 4?
-3222231102
Convert 2020010 (base 4) to base 9.
12845
What is 32332033 (base 4) in base 2?
1110111110001111
What is 16261d (base 15) in base 13?
2b67a1
-139350 (base 13) to base 14
-c5d45
What is -41a0b (base 15) in base 5?
-23130021
Convert 30631 (base 15) to base 12.
74847
-472026 (base 8) to base 15
-32995
-111211222000100 (base 3) to base 9
-14758010
-25baa (base 12) to base 2
-1100101001110010
Convert -37a8a (base 12) to base 5.
-4411400
-4300543 (base 6) to base 4
-303103233
What is -1043541 (base 8) in base 2?
-1000100011101100001
What is -68284 (base 9) in base 8?
-130574
What is -31232030 (base 6) in base 7?
-10463301
1141432 (base 5) to base 2
101001111110100
What is -9a6723 (base 13) in base 11?
-2068023
What is -2022212101122 (base 3) in base 7?
-13342403
Convert -10332434 (base 6) to base 3.
-120122011011
84c159 (base 13) to base 12
1060563
What is 10111202001 (base 3) in base 2?
10000110111001011
1120222221 (base 3) to base 15
944a
-327835 (base 9) to base 13
-6b30c
What is -57d29 (base 14) in base 8?
-641561
Convert 33430014 (base 5) to base 9.
500472
Convert 7664 (base 8) to base 14.
1672
-1312311132 (base 4) to base 12
-1b5826
Convert 35a96 (base 12) to base 5.
4304102
What is -23413112 (base 5) in base 6?
-4351013
Convert -bdd6 (base 16) to base 6.
-1012554
What is 111001000010001110010100 (base 2) in base 9?
31117313
Convert -12011220013 (base 4) to base 11.
-9a0039
-10000011100100010111100 (base 2) to base 6
-232223220
What is -1112132 (base 5) in base 8?
-46323
Convert 10011100111010100110100 (base 2) to base 16.
4e7534
514006 (base 8) to base 13
5c4b2
Convert 11111001100000110 (base 2) to base 3.
20111020111
Convert 1000111101100111100101 (base 2) to base 11.
1365277
What is 51410436 (base 7) in base 16?
41b140
What is 82b239 (base 15) in base 12?
20b7bb3
1a5bb (base 14) to base 11
46380
Convert -13154 (base 12) to base 10.
-26128
Convert -19cd2f (base 16) to base 6.
-100124211
-2455123 (base 6) to base 15
-291bc
What is -ea93f (base 16) in base 13?
-278451
Convert 4328277 (base 10) to base 4.
100200231111
-3142340 (base 6) to base 10
-153492
Convert -7777 (base 16) to base 6.
-353331
What is -5432321 (base 8) in base 4?
-11203103101
Convert afcda0 (base 16) to base 4.
223330312200
Convert -5312144 (base 6) to base 4.
-333011200
Convert 11693a7 (base 14) to base 9.
16585356
2230602 (base 9) to base 8
4451777
What is 221223111 (base 5) in base 11?
5a7045
What is 101111100111111010 (base 2) in base 12?
94a76
Convert 475363 (base 11) to base 16.
b8072
What is -222071 (base 8) in base 5?
-4343214
Convert -10a095 (base 13) to base 2.
-1100000000010101001
What is 1923 (base 15) in base 14?
1da1
42b667 (base 15) to base 7
36002221
Convert -52035105 (base 7) to base 13.
-b99574
Convert 29dc9 (base 14) to base 16.
1973d
What is -3115526 (base 7) in base 10?
-374135
-1010110001011111000 (base 2) to base 15
-6e8e6
Convert 33e32 (base 15) to base 10.
165197
What is 154405401 (base 6) in base 5?
1321020444
Convert 5c974 (base 13) to base 9.
280241
Convert 296b4 (base 14) to base 6.
2112114
311057 (base 10) to base 8
1137421
Convert -1110010111010111011011 (base 2) to base 11.
-2142275
-956996 (base 11) to base 14
-2bc376
Convert -13705182 (base 9) to base 4.
-121322303003
Convert -24131054 (base 7) to base 13.
-59cccc
What is 1128313 (base 11) in base 10?
1972919
-33033304 (base 5) to base 7
-2260522
What is 2016105 (base 8) in base 16?
81c45
What is 140124 (base 5) in base 8?
13040
Convert 13683 (base 9) to base 15.
2b59
-11011 (base 6) to base 11
-1161
What is 2106534 (base 8) in base 10?
560476
Convert 10000110101101011010 (base 2) to base 16.
86b5a
Convert 25220263 (base 8) to base 2.
10101010010000010110011
907b4 (base 12) to base 8
556570
What is -10210200212 (base 3) in base 6?
-1334335
What is 231122020 (base 4) in base 13?
66871
-1bb87 (base 15) to base 8
-260360
-190a4b9 (base 15) to base 7
-311130432
Convert 113202111 (base 4) to base 3.
11220020120
Convert 19061 (base 12) to base 5.
2130421
31382 (base 13) to base 9
144345
What is -104131231 (base 5) in base 12?
-1a1290
-1001012211202 (base 3) to base 15
-ae858
-18a40c (base 16) to base 13
-447050
141046 (base 8) to base 11
34384
fc20 (base 16) to base 6
1214452
-307784 (base 9) to base 11
-115457
Convert -3132230 (base 4) to base 15.
-4352
What is -b931 (base 15) in base 9?
-58681
378738 (base 12) to base 7
10463633
What is -4211131 (base 5) in base 13?
-25864
What is -20031141 (base 6) in base 15?
-b21c7
40060 (base 8) to base 5
1011212
Convert 112354 (base 10) to base 4.
123123202
46154 (base 7) to base 9
17105
1444111221 (base 5) to base 2
1110110110110100100001
Convert -5be42 (base 16) to base 5.
-44021021
What is 1434a14 (base 11) in base 16?
25a1bd
718b4 (base 14) to base 16
42be6
-131b3b5 (base 12) to base 4
-32121011321
37654b (base 13) to base 6
44243400
12120312131 (base 4) to base 2
110011000110110011101
32afb (base 16) to base 9
345708
521053300 (base 6) to base 9
17854830
What is a77801 (base 12) in base 4?
22012023001
22084 (base 13) to base 12
2b7b4
Convert c8cc (base 15) to base 4.
22113330
Convert -100110101101000101100010 (base 2) to base 16.
-9ad162
1550415 (base 9) to base 13
241499
Convert -b51f6 (base 16) to base 13.
-1cc8a7
-a4003 (base 11) to base 10
-151737
Convert -256c (base 16) to base 8.
-22554
What is -210102120 (base 3) in base 15?
-4966
-278ac6 (base 13) to base 3
-1210212112110
-23f52 (base 16) to base 2
-100011111101010010
Convert 714e7d (base 16) to base 15.
9ba2e1
Convert -3202131302 (base 5) to base 11.
-3850650
Convert -2130321112 (base 4) to base 16.
-9ce56
-872b6 (base 16) to base 8
-2071266
-311113024 (base 5) to base 14
-250a56
-46aa2 (base 15) to base 13
-7b635
Convert 141708 (base 9) to base 5.
10232342
What is -210111200222 (base 3) in base 14?
-b03c0
Convert 531523250 (base 6) to base 11.
52a0379
Convert -10213202013 (base 4) to base 9.
-2244443
What is 6230333 (base 8) in base 2?
110010011000011011011
What is 2102310322 (base 4) in base 5?
123221102
Convert -2382124 (base 9) to base 12.
-524a7a
What is 181889 (base 10) in base 14?
4a401
Convert -12497570 (base 10) to base 4.
-233223022202
-94018 (base 11) to base 12
-67420
Convert -26162262 (base 9) to base 16.
-c42593
Convert 100131131103 (base 4) to base 2.
10000011101011101010011
Convert 3036624 (base 9) to base 16.
18b3c8
46101202 (base 7) to base 15
5454b1
-112210030 (base 4) to base 15
-1c5bd
Convert 2302102200 (base 4) to base 10.
730272
Convert 1844328 (base 9) to base 13.
2a23c9
3122152 (base 7) to base 4
1123220200
-10100011000001001111 (base 2) to base 7
-5450504
e5785 (base 15) to base 8
2614435
What is a4bd (base 15) in base 8?
104014
Convert 1b61606 (base 12) to base 7.
100503555
What is 81cd6 (base 15) in base 6?
12452020
-500ab4 (base 13) to base 11
-105a196
-406671 (base 9) to base 7
-2022655
Convert 132200130001 (base 4) to base 6.
443224001
What is -75256 (base 11) in base 13?
-3aa7b
1262543 (base 8) to base 4
1112111203
Convert -5305357 (base 8) to base 10.
-1411823
What is 230317 (base 8) in base 5?
4444111
Convert -3002483 (base 11) to base 6.
-305552000
-100111110000001100 (base 2) to base 15
-333a3
1110011110110000111001 (base 2) to base 12
1330935
What is 2351143 (base 7) in 